{"id":4172,"date":"2014-06-24T14:00:21","date_gmt":"2014-06-24T05:00:21","guid":{"rendered":"http:\/\/trekdirect.yoonsangho.com\/?page_id=4172"},"modified":"2026-03-07T23:43:51","modified_gmt":"2026-03-07T23:43:51","slug":"home","status":"publish","type":"page","link":"http:\/\/www.trekdirect.com\/spanish\/","title":{"rendered":"home"},"content":{"rendered":"<div class=\"trek-one-fifth\"><a href=\"http:\/\/www.trekdirect.com\/spanish\/company\/\"><img loading=\"lazy\" class=\"alignnone size-full wp-image-4686\" src=\"http:\/\/www.trekdirect.com\/spanish\/wp-content\/uploads\/sites\/4\/2014\/06\/sp_new_main1.jpg\" alt=\"sp_new_main1\" width=\"222\" height=\"222\" srcset=\"http:\/\/www.trekdirect.com\/spanish\/wp-content\/uploads\/sites\/4\/2014\/06\/sp_new_main1.jpg 222w, http:\/\/www.trekdirect.com\/spanish\/wp-content\/uploads\/sites\/4\/2014\/06\/sp_new_main1-150x150.jpg 150w, http:\/\/www.trekdirect.com\/spanish\/wp-content\/uploads\/sites\/4\/2014\/06\/sp_new_main1-72x72.jpg 72w\" sizes=\"(max-width: 222px) 100vw, 222px\" \/><\/a><\/div><div class=\"trek-one-fifth\"><a href=\"http:\/\/www.trekdirect.com\/spanish\/products\/\"><img loading=\"lazy\" class=\"alignnone size-full wp-image-4687\" src=\"http:\/\/www.trekdirect.com\/spanish\/wp-content\/uploads\/sites\/4\/2014\/06\/sp_new_main2b.jpg\" alt=\"sp_new_main2b\" width=\"222\" height=\"222\" srcset=\"http:\/\/www.trekdirect.com\/spanish\/wp-content\/uploads\/sites\/4\/2014\/06\/sp_new_main2b.jpg 222w, http:\/\/www.trekdirect.com\/spanish\/wp-content\/uploads\/sites\/4\/2014\/06\/sp_new_main2b-150x150.jpg 150w, http:\/\/www.trekdirect.com\/spanish\/wp-content\/uploads\/sites\/4\/2014\/06\/sp_new_main2b-72x72.jpg 72w\" sizes=\"(max-width: 222px) 100vw, 222px\" \/><\/a><\/div><div class=\"trek-one-fifth\"><a href=\"http:\/\/www.trekdirect.com\/spanish\/location\/\"><img loading=\"lazy\" class=\"alignnone size-full wp-image-4688\" src=\"http:\/\/www.trekdirect.com\/spanish\/wp-content\/uploads\/sites\/4\/2014\/06\/sp_new_main3.jpg\" alt=\"sp_new_main3\" width=\"222\" height=\"222\" srcset=\"http:\/\/www.trekdirect.com\/spanish\/wp-content\/uploads\/sites\/4\/2014\/06\/sp_new_main3.jpg 222w, http:\/\/www.trekdirect.com\/spanish\/wp-content\/uploads\/sites\/4\/2014\/06\/sp_new_main3-150x150.jpg 150w, http:\/\/www.trekdirect.com\/spanish\/wp-content\/uploads\/sites\/4\/2014\/06\/sp_new_main3-72x72.jpg 72w\" sizes=\"(max-width: 222px) 100vw, 222px\" \/><\/a><\/div><div class=\"trek-one-fifth\"><a href=\"http:\/\/www.trekdirect.com\/spanish\/contact-us\/\"><img loading=\"lazy\" class=\"alignnone size-full wp-image-4689\" src=\"http:\/\/www.trekdirect.com\/spanish\/wp-content\/uploads\/sites\/4\/2014\/06\/sp_new_main4.jpg\" alt=\"sp_new_main4\" width=\"222\" height=\"222\" srcset=\"http:\/\/www.trekdirect.com\/spanish\/wp-content\/uploads\/sites\/4\/2014\/06\/sp_new_main4.jpg 222w, http:\/\/www.trekdirect.com\/spanish\/wp-content\/uploads\/sites\/4\/2014\/06\/sp_new_main4-150x150.jpg 150w, http:\/\/www.trekdirect.com\/spanish\/wp-content\/uploads\/sites\/4\/2014\/06\/sp_new_main4-72x72.jpg 72w\" sizes=\"(max-width: 222px) 100vw, 222px\" \/><\/a><\/div><div class=\"trek-one-fifth\"><div class=\"trek-search_sp\"><div class=\"trek-search-form\"><form id=\"searchform\" class=\"searchform\" action=\"http:\/\/www.trekdirect.com\/spanish\/\" method=\"get\"><div>\u00a0<\/div><div class=\"clearfix\"><div><input id=\"s\" name=\"s\" type=\"text\" value=\"\" \/><\/div><div class=\"clearfix\"><input id=\"searchsubmit\" type=\"submit\" value=\"B\u00daSQUEDA\" \/><\/div><\/div><\/form><\/div><\/div><\/div><div class=\"trek-three-fifth\"><h3 class=\"widget-title\">Acerca de TREK<\/h3><p>Desde el 1957, TREK ha sido la industria l\u00edder de confianza en el mercado, proveyendo partes de chasis confiables y de calidad a un precio competitivo. Nuestra l\u00ednea de partes para excavadoras y tractores son fabricadas con medidas de control de calidad estrictas a fin de asegurar el 100% de intercambiabilidad con aquellas del fabricante del equipo original. TREK ofrece una garant\u00eda por escrito incomparable con otras redes de distribuci\u00f3n de chasis en el mercado de reposici\u00f3n. Nuestro personal experto en ventas y productos se encuentra disponible en todos los Estados Unidos y Canad\u00e1<\/p><div class=\"btn_detail\"><a href=\"http:\/\/www.trekdirect.com\/spanish\/information\/#tabs-4\" target=\"_blank\" rel=\"noopener\">Aprenda m\u00e1s<\/a><\/div><\/div><div class=\"trek-two-fifth\"><h3 class=\"widget-title\">Noticias y Eventos<\/h3><p>A los valiosos clientes de US Trek,<\/p><p>En un esfuerzo por mitigar estos crecientes costos de flete, Trek se ver\u00e1 obligada a aumentar el pedido m\u00ednimo de flete prepago a $25,000.00 USD a partir del 10 de marzo de 2025 para los clientes de EE. UU.<\/p><p><\/p><p>Para pedidos de distribuidores de $4,500.00 USD &#8211; $25,000.00 USD, se aplicar\u00e1 un cargo fijo de flete de $125.00.<\/p><\/div>","protected":false},"excerpt":{"rendered":"<p>\u00a0Acerca de TREKDesde el 1957, TREK ha sido la industria l\u00edder de confianza en el mercado, proveyendo partes de chasis&#8230;<\/p>\n","protected":false},"author":1,"featured_media":0,"parent":0,"menu_order":0,"comment_status":"open","ping_status":"open","template":"page.php","meta":[],"_links":{"self":[{"href":"http:\/\/www.trekdirect.com\/spanish\/wp-json\/wp\/v2\/pages\/4172"}],"collection":[{"href":"http:\/\/www.trekdirect.com\/spanish\/wp-json\/wp\/v2\/pages"}],"about":[{"href":"http:\/\/www.trekdirect.com\/spanish\/wp-json\/wp\/v2\/types\/page"}],"author":[{"embeddable":true,"href":"http:\/\/www.trekdirect.com\/spanish\/wp-json\/wp\/v2\/users\/1"}],"replies":[{"embeddable":true,"href":"http:\/\/www.trekdirect.com\/spanish\/wp-json\/wp\/v2\/comments?post=4172"}],"version-history":[{"count":21,"href":"http:\/\/www.trekdirect.com\/spanish\/wp-json\/wp\/v2\/pages\/4172\/revisions"}],"predecessor-version":[{"id":5508,"href":"http:\/\/www.trekdirect.com\/spanish\/wp-json\/wp\/v2\/pages\/4172\/revisions\/5508"}],"wp:attachment":[{"href":"http:\/\/www.trekdirect.com\/spanish\/wp-json\/wp\/v2\/media?parent=4172"}],"curies":[{"name":"wp","href":"https:\/\/api.w.org\/{rel}","templated":true}]}}